 (3 - (-2 + -4) - 4) + -7 + -8?
-10
1 + (-1 - (-8 + 1)) - (8 + -1)
0
Evaluate (-9 - -26) + (-6 - 11).
0
What is (298 - 306) + 2 + 6?
0
-29 - (-4 - (7 - -4))
-14
Calculate -39 + 17 + 16 - 15.
-21
Evaluate (1 - (2 + 26)) + -454 + 459.
-22
Evaluate -2 + -1 + 5 + -4 + 8 + 5.
11
Calculate 8 - (-52 + 73 - (-3 - -8 - -2)).
-6
Evaluate -1 + -2 + 0 + 1 + (-21 - -26).
3
Evaluate 3 - ((-1 + 8 + -11 - -11) + 19).
-23
Evaluate 3 - (-7 - (-6 - 0)).
4
What is -35 + 29 - (-1 - -3 - (1 - -5))?
-2
What is the value of -1 + -3 + 3 - (-15 - (0 - 0))?
14
What is the value of -6 + -15 + 14 + 2 + 10 + -1?
4
What is the value of (-8 - (0 - 4)) + -1 + -1 - 3?
-9
What is (7 - -11) + (2 - 3) - 7 - 18?
-8
Calculate (4 - -28) + -1 + (8 - (13 + 2)).
24
Evaluate -5 + (-6 - (-24 - -12 - (-6 + 0))).
-5
What is the value of -6 + -36 + 18 + 29?
5
What is (-20 - -13) + -1 + 8?
0
What is the value of 398 + -383 - (2 - 0)?
13
Evaluate (270 - 327) + (3 - -33).
-21
What is the value of 17 - (58 - (46 - 26))?
-21
Evaluate -53 + (-1 - -22) + 14 + -2.
-20
What is the value of 1 + -9 - (12 - (-15 - 1) - 63)?
27
-2 + 1 + -23 + -4 + 9 + 3
-16
3 + 9 + -5 + (2 - (-3 - -4))
8
What is (27 - 31) + (0 - -5)?
1
-23 + 23 - ((5 + -3 - 4) + -4)
6
Evaluate -18 - -2 - -6 - (-15 - 10).
15
Calculate 2 - 0 - 17 - (-244 + 242).
-13
Evaluate 7 + (14 - 5) + -33 + 7.
-10
Evaluate 8 - (-1 - -13) - 8.
-12
Evaluate (-6 - -17) + -6 + 0 + -106 + 104.
3
0 + (-10 - 3) + (-6 - -8)
-11
Calculate -12 + 1 - (36 + -13 + -20).
-14
What is the value of 1 - (-4 + 2 + 9 + -5)?
-1
What is -3 - 5 - -2 - (74 - 90)?
10
6 + -7 - 4 - (-2 - 5)
2
Calculate (0 - -11) + 1 + -2.
10
Calculate (15 - (11 + 7) - 4) + -4 + 28.
17
Calculate 15 + -4 + 8 + -7.
12
What is the value of 113 + -88 - (1 + 37)?
-13
Evaluate (-3 - (6 + -17 + 1)) + -2 + 9.
14
What is -1 - -7 - (-9 + (15 - 15) + -1)?
16
What is the value of (-4 + 3 - (-7 - -13)) + (-1 - -20)?
12
What is the value of (-7 + 8 - (14 - -7 - 4)) + 2?
-14
What is (-1 + -5 - 1 - -2 - 4) + 3?
-6
What is (3 - -2 - (-12 + 35 - 11)) + 3?
-4
What is 85 + -94 + (2 + -2 - -9)?
0
Calculate (2 - 4) + 22 + -11.
9
What is the value of -7 + 4 + 5 + -5 + 9?
6
Calculate 11 + 5 + -18 + 2.
0
Calculate 26 - (14 - (-2 + 9)) - 4.
15
20 + 6 + (-28 - -1)
-1
Evaluate 34 - (22 + -12 + 12).
12
What is 4 - ((-1 + -13 - -30) + -10)?
-2
What is (-2758 - -2766) + (-1 - -15)?
22
Evaluate 8 + (-19 - -8 - 5) + 2 + 0.
-6
What is the value of -8 - (12 + (6 - 4) + -7 + -9)?
-6
Evaluate -9 + 0 - (-40 + 4 + 121 + -96).
2
Calculate 1 - -3 - (7 + 6).
-9
Evaluate 9 + -14 + (28 - 25).
-2
Evaluate (-4 - (3 - 6)) + 27 + (-1 - 0).
25
What is (2 - (7 + -11)) + -34?
-28
Calculate (30 - 22) + (1 - 6) + 6.
9
Evaluate 10 - (8 - (25 - 33)).
-6
-2 + (-1 - -3) + -69 + 54
-15
What is the value of 5 + -5 + 4 + -12?
-8
Calculate -32 - (-67 + 38) - 3.
-6
Calculate (-5 + 2 + 9 - -5 - 7) + 5.
9
Calculate 5 + (23 + -7 + 6 - -2).
29
Evaluate (4 + -12 + 5 - 3) + 3 - -8.
5
What is 23 - (45 + -17 + 10)?
-15
(5 - 14) + 10 + -13 + 16
4
Evaluate 4 + -15 + 45 + -8 + 0 + -4.
22
Calculate (32 + -46 - -46) + -8.
24
What is the value of -5 + -3 + 1 + (-15 - (9 - 9))?
-22
Calculate (-2 - -5) + (6 - 1).
8
What is the value of 12 - 4 - (-4 + 24 - (3 - 0))?
-9
(-16 + 20 - 1) + 8
11
Calculate -2 - -6 - (-28 - -19).
13
21 - (13 + -21 + 4 + (-7 - -11))
21
Evaluate 4 + 2 + -3 + -3 + (1 - 2).
-1
Evaluate -1 + -6 + (1 + -3 - -4).
-5
Evaluate 36 + (6 - (-4 - -48)).
-2
9 - (9 - -6) - -2
-4
What is 5 - (-6 - -11 - (-3 - -1)) - -16?
14
What is the value of -6 + (9 - (-4 + 10 - 4)) + -21?
-20
What is 19 + 1 + 282 + -278?
24
-3 - (3 + -2 + (-1 - (-8 + 4)))
-7
(2 - 17) + 33 - 32
-14
Evaluate (-56 - -70) + 9 + 1.
24
Evaluate -7 - (11 - 12 - 1).
-5
What is (-1 - 31) + (-1069 - -1077)?
-24
Evaluate 3 - ((12 - 29) + 12 + -3).
11
What is the value of 36 + -22 + -34 - (1 + -52)?
31
Evaluate 5 + 3 - (-4 + 0 - (-1 + -4)).
7
Evaluate (2 - -18) + -27 + 30.
23
What is the value of (-18 - 2) + (-23 - (6 + -14) - -3)?
-32
35 + -4 + -13 - 11
7
What is (-632 - -615) + (-2 + 9 - 2)?
-12
Calculate 26 + -1 - (-166 - -188).
3
Calculate 23 + -18 - 10 - -9.
4
What is 168 + -175 + (1 - ((-4 - 1) + 1))?
-2
Evaluate -2 + (-1 - 26) - (119 - 129).
-19
Evaluate 0 - ((-240 - -237) + (-28 - 0)).
31
Calculate 1 + -1 + (-31 - -22).
-9
What is the value of (11 - (1 - -3) - 13) + -1 + 10?
3
Calculate -6 - (-8 + 10) - -7.
-1
What is the value of 5 + -23 + 25 + 13 - (-3 + 0)?
23
Evaluate (17 - (-16 - (-2 + -68))) + 6.
-31
Calculate -122 + 122 + 1 + 3.
4
Calculate -11 + (-28 - -43) + (1 - 0).
5
Calculate -6 - (12 + -6 - (18 - 0)).
6
-6 + 2 + -1 + 44 + -42
-3
-1 + -35 - (431 - 453)
-14
What is -5 - (6 + (-8 + 1 + 6 - 3))?
-7
What is -11 - (-13 - (0 + -7))?
-5
What is 113 - 94 - (1 - (-3 + 0))?
15
What is the value of 22 - (-9 + 14) - (0 + 1)?
16
Evaluate 3 + 2 + (-9 - (-11 + -9 - -12)).
4
What is the value of -12 + 32 + -32 + (-2 - -8) + 18?
12
Calculate -1 + (-4 - (1 + -1) - (7 + -10)).
-2
Calculate 8 + -6 + -5 + -12 + 5.
-10
Calculate ((-4 - -14) + -26 - -32) + -20.
-4
What is the value of 6 + (9 - (-5 + 7 + 2 + -10))?
21
What is 1 + -19 - (-408 - -380)?
10
Evaluate (-14 - -30 - 11) + (11 - 0) + -4.
12
What is -3 + (-10 - (-3 - 6)) - -14?
10
What is 14 - (-12 - (-14 + -14 + -9))?
-11
What is the value of 3 + (11 - (-10 + 13) - (-1 - -3))?
9
Calculate 18 - 11 - 8 - (8 + 0 + 0).
-9
What is -20 + 0 + 39 + -5?
14
What is -6 + (6 - 1) + 28?
27
What is the value of -13 - (-16 + -5 - -9)?
-1
9 - (0 - -11) - (6 - (6 - 5))
-7
Evaluate (9 - 13) + 14 - (18 + 1) - 16.
-25
Calculate 11 + -26 + 18 + 15 + 1.
19
What is 0 + 3 - (13 - (-21 - (-52 - -11)))?
10
What is (-23 + 17 - 18) + 22?
-2
What is 11 + (21 - (-4 + 5 + 6 + -3))?
28
18 + (2 - 22) + -7 + -1
-10
What is -13 + (6 - -13) - (1 + -2 + 1)?
6
What is 2 + -7 + 99 + -106?
-12
(-2 - 1) + (-15 - (9 + -27)) - -14
14
Evaluate 2 + 16 + (25 - 91) + 14.
-34
What is the value of (8 - -1) + (4 - 2) + 1?
12
What is (-17 - 0) + (-28 + 35 - (3 - 1))?
-12
0 - (-1 + -5 - (0 - -3))
9
What is the value of (7 + 2 - (-10 - -7)) + -3?
9
What is (-554 - -558) + (-4 - -3 - (2 + -4))?
5
Calculate -5 + (8 - 7) + 9 + -21.
-16
Calculate 97 + -96 + (4 - (2 + 2)).
1
What is the value of (17 - (20 - -3)) + -8 + -2?
-16
What is the value of -15 - (-10 + -33 + 11)?
17
Calculate 13 - 0 - ((-1 - -47) + -53).
20
(5 + -5 - -2 - (45 + -15)) + 5
-23
Evaluate (127 - 102) + (-2 - -1 - (-3 + 5)).
22
Evaluate 11 + (10 - 19) + -25 + 16.
-7
Calculate (10 - 0) + (-42 - -30).
-2
What is -44 - -23 - -15 - (-3 + (-2 - -11))?
-12
What is 9 - (6 + 1) - (10 - 4)?
-4
Evaluate 8 - (17 + (3 - 0)).
-12
What is 9 + 3 + 2 + -7 + 0 + 6?
13
10 + (3 + (-2 - -11) - 10)
12
What is the value of (-1 + -6 - -11 - 12) + 13?
5
What is 0 + 21 + 12 + -4 - (-4 + 2)?
31
What is -10 + 26 + (2 - (11 + 2))?
5
Evaluate 1 + -1 + 6 + (13 - -5) + -18.
6
Evaluate 1 + -3 + (-151 - -129).
-24
What is 3 + -11 - (1 + 8 + (8 - 42))?
17
Evaluate 87 - (-9 - -61) - (2 + 3).
30
What is the value of 10 + -12 - (8 + -2) - -3?
-5
What is 8 - (20 - 36 - -21)?
3
Evaluate -16 + (46 - 26) + 3.
7
Calculate (-32 + 33 - (10 - 1)) + -30 + 43.
5
What is (5 + -1 - (67 + -7 + -35)) + 2?
-19
15 + (0 - (-10 - -11))
14
Calculate (-9 - (-2 - 11)) + 12 - (9 + 0).
7
(-19 - (0 + (-14 - -5))) + 3
-7
What is 21 + 27 + -7 + -24?
17
Evaluate -15 + 1 + (-4 - 34) + 35.
-17
What is the value of -5 - (4 + 0 + -12 + -15 + 44)?
-26
-8 - (-61 + 72 - (13 + 3 + -2))
-5
Evaluate (0 - 0) + 0 + -4 + (-143 - -137).
-10
What is 12 - (3 + -10 + 12) - 6?
1
Evaluate -26 - (-19 + 12 + -32).
13
What is the value of -20 - -8 - (-10 - -10)?
-12
Evaluate (-14 + 21 - 10) + 0.
-3
5 + 2 + -2 - (8 + 1)
-4
Calculate (7 - 6) + -22 + (54 - 42).
-9
-5 + 0 + -18 + 17 - (1 + 5)
-12
What is (22 - -7) + -53 - -21?
-3
What is the value of -29 - -25 - (2 - (6 - 8))?
-8
What is (-7 - (-5 - (7 + -14))) + 10?
1
Calculate (-2 - -4 - 18) + 243 + -241.
-14
5 + -23 - (-47 - (-45 - -24))
8
5 + -32 + 94 + -42
25
What is -12 + (-2 - -3) - -27?
16
What is 10 + 2 - (19 - (3 - 7))?
-11
What is -4 - 3 - ((-5 - -7) + 4 + -1)?
-12
What is -2 - (19 - 38) - (-1 - -9) - -4?
13
Calculate 67 - 29 - 24 - (1 - -26).
-13
19 + 4 - 23 - (1 - (11 + -1))
9
Calculate -10 - (-1 - -10 - (-96 + 105)).
-10
What is the value of 5 - (5 - 4) - 